6/28*-12 is divided by 4/14 + 66/14.
2
Suppose -3*a = -2*u - 57, 14 = a - 0*a + u. Let b = -8535 + 8546. Calculate the remainder when a is divided by b.
6
Let o = -50 + 50. Suppose o*a = -3*a - 3, -a = 4*s - 31. Calculate the remainder when s is divided by 3.
2
Let t(j) = 2*j**2 + 53*j - 2. Calculate the remainder when 116 is divided by t(-27).
16
Let w(g) = 3*g**3 - g**2 + 2. Let i be w(-1). Calculate the remainder when 76 is divided by (-13 + 23)/(i/(-4)).
16
Suppose -p + 14 = -3*v, -p + 4*v + 9 = -2. Calculate the remainder when 298 is divided by p.
22
Suppose 7*o + 10*o = 1632. What is the remainder when 283 is divided by o?
91
Let q(t) = t**3 - 17*t**2 + 26*t - 3. Let p be q(16). Suppose 2*z - 3*z - p = -2*h, -5*z + 203 = 3*h. Calculate the remainder when h is divided by 13.
11
Suppose 142 = 4*o - 110. Calculate the remainder when o is divided by 16.
15
Let v(p) = p**3 - 8*p**2 - 8*p - 1. What is the remainder when v(12) is divided by 13?
11
Suppose 4*m + 3*y = 24, -11 - 1 = -2*m - 4*y. Let q = -18 + 18. Suppose -5*v + 14 + m = q. What is the remainder when 10 is divided by v?
2
Suppose -3*o = i - 32, 4*o - 4*i - 34 = 14. What is the remainder when 151 is divided by o?
8
What is the remainder when 88 is divided by (-28)/(-56) + 428/8?
34
Calculate the remainder when 729 is divided by (((-1026)/(-4))/(-9) - 2)*-2.
58
Let w = -981 - -1426. Calculate the remainder when w is divided by 29.
10
Calculate the remainder when 60 is divided by (-6)/(-8) - 99/(-12).
6
Suppose 4*m - 702 - 518 = 0. Let l = 148 - m. Calculate the remainder when (-3)/(-5) - l/5 is divided by 5.
2
Suppose -4*w - t = -340, 2*w - 3*w = 5*t - 66. Let g = -46 + w. Calculate the remainder when 196 is divided by g.
36
Suppose 0 = -3*x + 10 - 127. Let b = x + 51. Calculate the remainder when 20 is divided by b.
8
Let h be 27 - (-4)/((-4)/3). Let y be h/36*(-42)/(-4). Suppose -y*g + 12*g - 50 = 0. What is the remainder when 28 is divided by g?
8
What is the remainder when 171 is divided by (-15)/(-20)*(-4 - -2)*-10?
6
Suppose 4*b = -0*b. Suppose 2*f + b*f = -4*n + 68, -2*n - 18 = -f. Suppose 24 = 13*q - 1302. Calculate the remainder when q is divided by f.
24
Let g = -1684 - -3431. What is the remainder when g is divided by 25?
22
Calculate the remainder when 21/(-2)*(-19050)/889 is divided by 12.
9
Let i(s) = -2*s + 13. Let j be i(5). Suppose 7*p - 10*p = j. Calculate the remainder when 20 is divided by (35 - 19) + (p - 3).
8
Suppose 4*r = -5*z + 178 - 49, -125 = -5*r + z. What is the remainder when 99 is divided by r?
21
Suppose 37*w - 105*w = -32164. What is the remainder when w is divided by 40?
33
Let t(p) = -p - 2. Let x be t(-6). Suppose -3*j = -38 - x. Let a = 45 + -20. What is the remainder when a is divided by j?
11
Let c be -6*(-2 - 2/(-3)). Let i be (0/2)/(6 - c). Suppose -3*u + 2*u + 15 = i. What is the remainder when 42 is divided by u?
12
Suppose 2*x + 2*a - 494 = -2*x, -3*a - 393 = -3*x. Suppose 3*n - 160 = -5*u - 0*n, 4*n = 0. Calculate the remainder when x is divided by u.
30
Suppose -5*v - 65 = -5*k, 0 = 5*k - 0*v - v - 57. Let w = 0 - 0. Suppose -7*h + k*h - 76 = w. What is the remainder when 35 is divided by h?
16
Let i = -1 - -27. Let x = i - 19. Calculate the remainder when x is divided by 3.
1
Let b(v) = -v + 15. Let z be b(0). Suppose -5*a + 6 = -6*a. Let k = a + z. Calculate the remainder when 35 is divided by k.
8
Let i = -561 + 620. What is the remainder when 589 is divided by i?
58
Let g(w) = -w + 19. Suppose -5*f - 37 = 8. Calculate the remainder when 54 is divided by g(f).
26
Suppose -4*r + 44 = -0*r. Suppose 0 = -3*z + 48 + 180. What is the remainder when z is divided by r?
10
Let b(x) = -3*x**2 + 28*x - 8. Calculate the remainder when 204 is divided by b(7).
40
Suppose -4*s - 3*d + 591 = -0*s, 3*s = -3*d + 444. Calculate the remainder when s is divided by 51.
45
Suppose -34*v + 696 + 256 = 0. Let a be (-14)/(-4) + 2/4. Suppose 30 = -a*y + 6*y. What is the remainder when v is divided by y?
13
Let a = 80 + 248. Calculate the remainder when a is divided by 11.
9
Let a = -26 + 21. Let g = a - -15. Suppose -5*l - h + 76 = -2*l, -3*l + 61 = 4*h. Calculate the remainder when l is divided by g.
7
Let b = 60 + 75. What is the remainder when b is divided by 23?
20
Suppose 0 = -5*d + 4*i + 84, 3*d = 6*d + 2*i - 68. Suppose 4183*s - 4203*s + 80 = 0. What is the remainder when d is divided by s?
0
Suppose 0 = -2*w + 3*x - 80, 2*x + 96 = -4*w - 64. What is the remainder when 31 is divided by (-90)/(-8) + 10/w?
9
Suppose -12 = a - 4*t, -3*t = 2*a + 2*t - 41. What is the remainder when (-4 - -6) + 0 + 20 is divided by a?
6
Let c = 8 - -13. Let g(d) = 2*d**2 + 10*d - 28. Let k be g(-12). Let m = k - 78. What is the remainder when m is divided by c?
20
Suppose 464 = 7*i - 19. Suppose 5*p - i - 106 = 0. What is the remainder when 139 is divided by p?
34
Suppose 68 = 4*a - 64. Suppose k + 4*u = 5, 0 = 2*k - 35*u + 40*u - 10. What is the remainder when a is divided by k?
3
Let n = 6 - -262. Calculate the remainder when n is divided by 97.
74
Let h(z) = -4*z - 1. Let f be h(-1). Suppose 4*j - f*j - 7 = 0. Calculate the remainder when 27 is divided by j.
6
Let r(q) = -q**2 + 27*q - 111. What is the remainder when 188 is divided by r(17)?
11
Suppose 0 = -4*a - 200 + 288. What is the remainder when 61 is divided by a?
17
Let b(t) = t**3 + 5*t**2 - 2*t - 10. Let q be b(-5). Suppose 2*i - 3*n + 0*n = 15, q = 4*n - 12. Calculate the remainder when i is divided by 8.
4
Let q(s) = 10*s**3 - s**2 + 3*s - 13. Calculate the remainder when q(2) is divided by 24.
21
Suppose -2*u - 16 + 182 = 0. Let a(y) = -13*y + 236. Calculate the remainder when u is divided by a(16).
27
Let x(q) = -11*q - 5. Let u(p) = 11*p + 5. Let s(a) = -6*u(a) - 5*x(a). Calculate the remainder when s(-4) is divided by 10.
9
Let v(d) = 2*d - 1. Let l(u) = -6*u**2 + 1 - 3*u + 5*u**2 - 4*u. What is the remainder when v(10) is divided by l(-6)?
5
Suppose j - 72 = -j. Suppose 99 = 3*k + 3*m, m + j = k - 5. Suppose -a = -4*n - 12, n - 2 = -0. Calculate the remainder when k is divided by a.
17
Let r(w) = -w**3 + 6*w**2 + 3*w + 1. Let g(b) = -5*b + 208. Calculate the remainder when g(27) is divided by r(6).
16
Let o(b) = 2*b**2 + 5*b + 24. What is the remainder when o(-7) is divided by 22?
21
Let k = 354 + -142. Suppose 0*l + k = 4*l. What is the remainder when l is divided by 29?
24
Let u = 177 - 150. What is the remainder when 185 is divided by u?
23
Suppose 2*j = 5*p + 52 + 9, 3*p + 69 = 3*j. What is the remainder when 170 is divided by j?
8
Suppose 5*v = -m - 3, m + 12*v - 8*v = 1. Calculate the remainder when 49 is divided by m.
15
Let j be (4/(-6))/((-1)/(-3)). Let l(s) = -2*s**2 - 84*s + 2669. Calculate the remainder when l(-63) is divided by 7 + (j + 3)*-1.
5
Suppose r + 29 = -5*v + 139, -5*v - 5*r + 130 = 0. Let m(s) = 5*s**2 - 2*s - 1. Let p = -19 + 18. Calculate the remainder when v is divided by m(p).
3
Suppose 3*w - 4*w + 9 = 0. Suppose -w = -3*s, -3*g + s + 35 = -169. What is the remainder when g is divided by ((-32)/10)/(16/(-120))?
21
Let c = 238 + -57. What is the remainder when c is divided by 23?
20
Let c be ((-2)/5)/(2/(-5)). Calculate the remainder when 7 is divided by 5 + -1 + (c - 1).
3
Suppose z - 2*z = -39. What is the remainder when z is divided by (28 + -4)*(-5)/90*-6?
7
Suppose -3*d + a = 100, 0 = d - 3*a + 2*a + 32. Let f = d + 39. What is the remainder when 21 is divided by f?
1
Suppose -6*g + 455 = -g. Suppose 5*o - 76 = -4*z, 5*z - 322 = -2*o - 227. Calculate the remainder when g is divided by z.
15
Let m(c) = -c**2 - 5*c + 7. Calculate the remainder when 87 is divided by m(-3).
9
Suppose -30*s + 3312 = -7*s. Calculate the remainder when s is divided by 2.
0
Let z(t) = 49*t + 26. Let n be z(18). Suppose 0 = -16*k + n + 1060. What is the remainder when k is divided by 31?
30
Suppose 2*j = 8*j - 636. What is the remainder when j is divided by 39?
28
Suppose 0 = -35*m + 816 + 3314. What is the remainder when m is divided by 112?
6
Let h(v) = v**3 + 35*v**2 + 64*v - 63. Calculate the remainder when 420 is divided by h(-33).
0
Let k = 31 + 15. Suppose 5*v = c - 10, 2*c + 2 - k = 4*v. Suppose -f - 22 = -3*f. What is the remainder when c is divided by f?
8
Suppose 5*j + 17 = 67. Suppose